. What is the remainder when (-7 + -1 + r)*21/(-4) is divided by 9?
6
Suppose -3*c = -5*u - c + 16, 2*c = -5*u + 24. Suppose 12 = -u*f + 96. What is the remainder when 228 is divided by f?
18
Let b = 353 + -359. What is the remainder when 73 - ((-8)/b)/(9/(-27)) is divided by 10?
7
Suppose -3*l + g = -29, -5*l - 30*g + 95 = -25*g. What is the remainder when 1979 is divided by l?
11
Let h = 157 - 140. Suppose h*w + 32 = 25*w. Calculate the remainder when 129 is divided by w.
1
Let d = -1446 + 1974. Calculate the remainder when d is divided by 23.
22
What is the remainder when (-19)/(608/(-1168)) + 5/(-2) is divided by (-58)/(-3) + (-6)/(-9)?
14
Suppose -4*c - f + 4393 = 291, 2*f + 12 = 0. What is the remainder when c is divided by 2*-1*147/(-6)?
47
Let v = 182 - -61. Suppose 7*f = -2*f + v. What is the remainder when f is divided by 8?
3
Let n(s) = -14*s**2 + 306*s - 431. Calculate the remainder when 2652 is divided by n(16).
9
Suppose -10*p + 151 - 241 = 0. Calculate the remainder when 47 is divided by 20 + p + 2 + -1.
11
Let n(z) = 76*z**2 + 13*z + 29. Let r be n(-2). Suppose 5*t - r = -4*q, -4 = -2*t + q + 111. Calculate the remainder when 175 is divided by t.
57
Suppose 0*p = -4*p + 128. Let l = 2999 - 2874. Calculate the remainder when l is divided by p.
29
Let m = 45 + -36. Let g(u) = -23 + 4*u**3 + m - 3*u**3 + 7*u**2 - 4*u. Calculate the remainder when 27 is divided by g(-7).
13
Let z = -12868 + 13033. Calculate the remainder when 511 is divided by z.
16
Let s = 260 + -185. Suppose -44*w = -47*w, -2*w = -4*j - j + 4115. What is the remainder when j is divided by s?
73
Let j(f) = 4*f + 20. Let s be (220/60)/(-1*1/3). Let g be j(s). Let m(t) = -5*t - 25. Calculate the remainder when m(g) is divided by 24.
23
Let a(o) = -2*o**2 + 29*o - 2*o**2 + 5*o**2 - 25*o - 4. Suppose -3*q - q + 23 = 5*k, 5*k - 29 = -2*q. What is the remainder when a(k) is divided by 19?
16
Let i = -1430 + 1448. Let g = 25 + -20. Suppose -608 = -g*r + w + 3*w, r + 3*w = 133. Calculate the remainder when r is divided by i.
16
Suppose 47508 - 12044 = 682*o. Calculate the remainder when 23554 is divided by o.
50
Let u(y) = y**3 - 18*y**2 + 27*y + 31. Suppose -p - 6 = -47. Calculate the remainder when u(17) is divided by p.
37
Let z = -1626 + 1662. Calculate the remainder when 158 is divided by z.
14
Let i = -376 - -337. Suppose p + p = 104. Let k = p + i. Calculate the remainder when 35 is divided by k.
9
Suppose -4*c - 408 = 4*j, -c = j - 2*j + 104. Let g = -225 + 393. Let k = c + g. Calculate the remainder when k is divided by 33.
32
Let n be 4*(-3 - -4) + 3. Let w = 3 + n. Calculate the remainder when w is divided by 1/((-14)/(-4))*(-42)/(-4).
1
Let q = 24597 - 24134. What is the remainder when q is divided by 10?
3
Let y(n) = -4*n**2 - 8*n + 39. Let j(i) = -4*i**2 - 10*i + 39. Let f(k) = 5*j(k) - 6*y(k). What is the remainder when f(5) is divided by (1/1)/(2/18)?
6
Suppose -3*b - 4*r = -7*r + 12, 0 = 5*b + 4*r - 43. What is the remainder when 178 is divided by b?
1
Let o(u) = -4*u**3 - 6*u**2 + 29*u + 1. Let z(y) = 3*y**3 + 6*y**2 - 28*y - 2. Let d(f) = -2*o(f) - 3*z(f). Calculate the remainder when 51 is divided by d(-9).
12
Let h = 4820 - 4237. What is the remainder when h is divided by 575?
8
Suppose 69 = 19*o + 52 - 477. Suppose 4*g - 495 = -5*i, 2*i - 106 = 2*g + 110. Calculate the remainder when i is divided by o.
25
Suppose -4 = 2*u - 6. Suppose 17*l + 250 = 63. What is the remainder when 28 is divided by u/(1/4) - l?
13
Suppose 2*h + 2*c - 254 = 3*c, -2*h + 274 = -6*c. What is the remainder when 250 is divided by h?
0
Suppose 6*a - 426 = 4*m, -2*a + 2*m + 5 = -135. Calculate the remainder when 643 is divided by a.
59
Suppose w = 2*m + 288, 3*m - 2*w + 422 = 2*w. Let s = m + 181. Calculate the remainder when 2*(-1)/3*-102 is divided by s.
33
Suppose 89 = 5*c - 191. Suppose 6*v = 76 + 58 - 32. What is the remainder when c is divided by v?
5
Suppose 72 = 6*t - 5*t. Let g = -49 + 65. Suppose g*j = 9*j + 105. What is the remainder when t is divided by j?
12
Let p(j) = -12*j + 6. Let v be p(-5). Let c be ((-735)/84)/((-6)/24). Suppose 4*l = -2*t + v, -t - 3*l = l - c. Calculate the remainder when t is divided by 11.
9
Let o = -110 - -196. Let v(k) = -6*k + 13. Let l be v(5). Let i = o + l. Calculate the remainder when i is divided by 18.
15
Let g(m) = 4*m**2 + m**2 + 1543*m - 1545*m + 9. Let f(u) = -6*u - 10. What is the remainder when g(-3) is divided by f(-7)?
28
Suppose 5*w - 12 = 2*d + 13, 0 = 5*w - d - 30. Let f be 27/3*2/(-3). Calculate the remainder when (-1)/f + 1695/90 is divided by w.
5
Let a(m) = m**3 + m**2 + 5*m + 1. Let j(g) = 8*g - 102. Calculate the remainder when a(4) is divided by j(16).
23
Let p = 620 - 620. Suppose 8*d - 1371 + 131 = p. What is the remainder when d is divided by 12?
11
Let m(f) = f**3 - 4*f**2 + 4*f + 2. Let h be m(5). Suppose 45*d + 8 = h*d. Suppose 12*l - d*l = 288. What is the remainder when 141 is divided by l?
33
Let a(g) = -g**3 + g**2 - 44*g - 142. Let u = 34 + -19. What is the remainder when a(-3) is divided by u?
11
Let m = 21209 - 21060. What is the remainder when m is divided by 51?
47
Suppose 40*s - 2*s - 10681 = 15805. What is the remainder when s is divided by 335?
27
Suppose 311 = 10*i - 319. What is the remainder when 328 is divided by 14/i + (-528)/(-54)?
8
Let x = 1974 + -1304. What is the remainder when x is divided by 130?
20
Let q(g) = -16*g**3 - 4*g**2 - 4*g - 2. What is the remainder when q(-2) is divided by 4*2 + -16 + 28?
18
Let v(d) be the second derivative of 29*d**4/6 + d**3/3 - d**2 + 6*d + 11. What is the remainder when v(-1) is divided by 25?
4
Let a = -4555 - -4757. Calculate the remainder when a is divided by 41.
38
Suppose 1180 = 62*d - 3*d. Suppose -3 = -a - 2*a - 3*b, -32 = 4*a - 5*b. Calculate the remainder when d is divided by (-9)/2*4/a.
2
Suppose -5*l = 142 + 108. Let r = l + 54. Suppose 5*p + 80 = r*n, 0 = -4*p + 7*p - 12. Calculate the remainder when 74 is divided by n.
24
Let t(j) = 7*j. Let k(u) = -77 + 36*u + 160 - 84. Let y(z) = 6*k(z) - 33*t(z). What is the remainder when 46 is divided by y(-2)?
22
Let n = 2384 + -2144. Suppose -3*r = -6*r + 6. Suppose r*i = 7*i - n. What is the remainder when i is divided by 14?
6
Suppose 0 = 4*v + 4*v - 40. Let a be (2 + -340)/(34/(-17)). Suppose -a*i + 164*i + 25 = 0. Calculate the remainder when v is divided by i.
0
Suppose -1814*z + 1804*z + 140 = 0. Suppose -41 = -5*h + 4*c + 131, -3*c = -5*h + 169. What is the remainder when h is divided by z?
4
Suppose -5*x + 162 = i, -2*x + 153 = i - 0*i. Suppose -4*n + b = -i - 0, -b = 3*n - 105. What is the remainder when n is divided by 13?
10
Let k = -21 + 15. Let g = 69361 - 69348. What is the remainder when (-7)/(-1 - 4/k) is divided by g?
8
What is the remainder when 466 is divided by 9/12 - 5920/(-128)?
43
Let w(p) = p**3 + 12*p**2 - 17*p - 43. Let j(d) be the first derivative of -8*d**2 + 2*d - 6. Calculate the remainder when j(-2) is divided by w(-13).
7
Calculate the remainder when 6/(-1)*(-114)/4 is divided by 8/(11 + 84/(-8)).
11
Let y = -303 + 318. What is the remainder when 48/(-16) - (0 + -204)/2 is divided by y?
9
Let w = 82 + 275. Suppose -11*d + 4*d = -w. Let j = d - 32. Calculate the remainder when 35 is divided by j.
16
Suppose -2*m + 7*m - 155 = 0. Suppose 25*w - 1740 = 5*w. Suppose w*i - 77*i = 920. Calculate the remainder when i is divided by m.
30
What is the remainder when 316 is divided by (-10)/6*(-347700)/2375?
72
Suppose -i - y + 210 = i, -i - y + 107 = 0. Suppose -b + i = 95. Suppose b*v = 3*v + 140. Calculate the remainder when 135 is divided by v.
23
Let h(p) = 5*p + 294*p**2 - 6*p + 5*p - 2*p. Calculate the remainder when h(1) is divided by 30.
26
Let z = 13 - -102. Let r(p) = 694*p + 1447. What is the remainder when z is divided by r(-2)?
56
What is the remainder when 4249 is divided by ((-382)/(-40) - (-1)/5)/((-300)/(-400))?
11
Let m = 498 + -495. Suppose 3*d = m*z - 74 + 23, 91 = 5*z - 2*d. What is the remainder when z is divided by 2?
1
Let b(r) = -r**3 + 30*r**2 - 31*r + 71. Let w = 64 + -35. What is the remainder when 128 is divided by b(w)?
11
Suppose -104 = 3*n - 5*n. Suppose 0 = 23*y + 13*y. Suppose -4*m = -y*m - n. What is the remainder when 127 is divided by